Suppose 0*p + 3*p - 13 = -j, -j = -4*p + y. What are the prime factors of p?
2
Suppose -q + 2*q = 56. List the prime factors of q.
2, 7
What are the prime factors of (-510)/(-4) + 2/4 + 2?
2, 5, 13
Let y(f) = f - 12. Let o be y(-9). What are the prime factors of (0 + -2)/(6/o)?
7
What are the prime factors of ((-134)/(-3))/(16/48)?
2, 67
Let z(j) be the second derivative of j**4/6 + 5*j**3/6 - 3*j**2/2 - 2*j. List the prime factors of z(-5).
2, 11
Suppose 3*m = -5 - 7. List the prime factors of m/18 - 38/(-9).
2
Let a(d) = 4*d**3 - 5*d**2 + 2. What are the prime factors of a(5)?
13, 29
Let k = -19 + 37. Let s be (k/(-8))/((-15)/40). Suppose p = s*p - 55. List the prime factors of p.
11
List the prime factors of (-292)/10*(6 - (-17)/(-2)).
73
Suppose -2*k - 93 = w - 4*w, 0 = -4*w - 3*k + 141. Let a = 26 - 17. List the prime factors of 3*(-2 + w/a).
5
Let n(v) = -2*v**2 + 3*v + 3. Let o be n(4). Let t(y) = y**3 + 7*y**2 + 5*y - 7. Let a be t(-6). What are the prime factors of 0 - (a + 3) - o?
3, 5
Let s(g) = -g**3 + 6*g**2 + 6*g + 8. What are the prime factors of s(6)?
2, 11
Let o = 38 - 18. Suppose -l + 5*l - o = 0. Suppose -l*r + 10 = 0, 4*q - 25 = q - 5*r. What are the prime factors of q?
5
Suppose 1620 = 33*r - 13*r. What are the prime factors of r?
3
Let p(x) = -x**3 + 8*x**2 + 6. Let c be p(8). Suppose c = z + k, 4*z - 46 = -z + 3*k. List the prime factors of z.
2
Suppose 4*f = -w - 3*w + 32, f = -4*w + 29. Suppose 2*q + 3*z + w = -5, q + z = -4. Let y(v) = -v**3 - v**2 + v + 3. List the prime factors of y(q).
3
Let o(p) = p**2 + 2*p + 9. Let w be o(-7). Suppose w - 12 = 2*l. List the prime factors of l.
2
Let i = -4 + 5. Let a be 3/i - 2/1. What are the prime factors of 3 + 3/a*1?
2, 3
Let v(c) = -4*c - 5 - 2*c + 4*c. Let b be v(-4). List the prime factors of (b - -1) + (-2 - -3).
5
Let h(r) = r**2 - 2*r - 3. Let s be h(4). Suppose -s*f + 57 - 2 = 0. What are the prime factors of f?
11
Let d(f) = f**3 + 6*f**2 + f - 5. What are the prime factors of d(-5)?
3, 5
Let l = -13 - -25. List the prime factors of 25 + 4 + l/3.
3, 11
Let h be 6/(-9) + 310/6. Let n = -30 + h. Suppose n - 76 = -5*l. What are the prime factors of l?
11
What are the prime factors of 39/(19/4 + -4)?
2, 13
Let r(d) = d + 26. What are the prime factors of r(-6)?
2, 5
Let b(c) be the first derivative of 1/2*c**2 - 3 + 10*c. List the prime factors of b(0).
2, 5
What are the prime factors of (-48)/(-22) + 6/(-33) - -30?
2
Let p = 101 - -22. What are the prime factors of p?
3, 41
Suppose 4*g + g - 60 = 0. Suppose -3*f = 6, -3*f + g + 22 = j. What are the prime factors of j?
2, 5
Suppose 0 = 3*c + 2*s - 16, 0*s = -5*c + 3*s + 14. Suppose 0*x + 2*x = c. List the prime factors of x.
2
Suppose -3*a + 14 = 5*p, -5*p - 4 = -2*a - a. Let k = p - -16. Suppose 5*m = k + 23. List the prime factors of m.
2
Let j = 4 + 28. What are the prime factors of j?
2
Suppose -5*p = 10, 0 = 4*j + 5*p + 21 - 3. Let v be (0 + -1)*(2 + j). Suppose v = -4*c + c + 24. List the prime factors of c.
2
Let d(z) = -7*z - 1. Let m be d(-1). Suppose k = 3*k - 5*r + m, -4*k + 5*r = 2. List the prime factors of k.
2
Suppose -4*h + 80 = -9*h. Let f = h + 29. List the prime factors of f.
13
Let s(n) = 94*n. List the prime factors of s(1).
2, 47
Suppose 4*t - 6 = 2. Suppose 2*m - 6 = t. What are the prime factors of m?
2
Let d = 284 + -171. What are the prime factors of d?
113
Let q = -6 - -9. Suppose c - 3*m = 5, 12 = 3*c - q*m + 3. List the prime factors of (-7)/(((-2)/3)/c).
3, 7
Let r(k) = -4*k - 4. Let z be r(-3). Suppose -z = -3*u + 4. Suppose -u = -p - p. List the prime factors of p.
2
Let h(p) = -p**3 - 7*p + 7. Let l(j) = -6*j**3 + j**2 - 36*j + 36. Let z(m) = 11*h(m) - 2*l(m). List the prime factors of z(4).
17
Suppose -2*j - 7 = -21. Let x(y) = 2*y + 1. Let i be x(1). Let m = j - i. List the prime factors of m.
2
Let q(b) = 3*b**2 + 18*b + 2. What are the prime factors of q(-9)?
83
Let t be 2 + 1 + 8 + -11. Suppose m - 2 = -t. Suppose -3*p + 4 = -m*p. What are the prime factors of p?
2
Suppose -4*l - l + 1 = 3*f, 0 = -4*f - 12. Suppose -4*y + l*y = 5*n - 24, 0 = -5*y + 5*n + 25. What are the prime factors of y?
7
Suppose s + 5*f = 6*s + 5, -3*f = 0. Let k = 1 + s. List the prime factors of (k - 2 - -3) + 20.
3, 7
What are the prime factors of 9/3 + 0 - -6?
3
Let p be (-1)/3 + 20/(-3). Let b be (-33)/(-7) + (-2)/p. Suppose -3*z + b = -4. List the prime factors of z.
3
Suppose -34 = -5*k - 2*d + 76, 0 = 2*k + 2*d - 50. Suppose o + k = 6*o. List the prime factors of o.
2
List the prime factors of 16 + (2 - (1 + -1)).
2, 3
Let y = 4 - -7. What are the prime factors of 1*17 + -11 + y?
17
Suppose -2*k + 290 = -0*k. Let m = -319 + k. What are the prime factors of m/(-21) + 4/(-14)?
2
Let d be (-4)/(-3) + (-10)/(-15). Suppose -75 - 87 = -d*y. Suppose -5*w = 6 - y. What are the prime factors of w?
3, 5
Let z = -1 - -3. Suppose -a - 3*i - 31 = -6*a, 5*i = -z*a. Suppose 5*o = 3*x + 40, 22 + 8 = o - a*x. List the prime factors of o.
5
Suppose -3 = z - 0*z. Let m be ((-2)/z)/((-2)/36). Let y = -3 - m. List the prime factors of y.
3
Suppose 3*q - 781 = 2*j, -534 = -2*q + 5*j - j. What are the prime factors of q?
257
Suppose 3*l + 17 = -o, 2*o + 2*o = 2*l + 30. Let i(s) = -s**2 - 10*s + 4. What are the prime factors of i(l)?
5
Let h = -11 - -18. Let f = h - 3. Suppose -3*u - c = -13, -f*u + 5 = -c - 10. What are the prime factors of u?
2
Let z = -1 + 1. Suppose z*q = 3*q - 75. Let x = 41 - q. List the prime factors of x.
2
Let m(c) = -c**3 - 5*c**2 - 3*c - 7. Let z be m(-5). Let j = 0 + 2. Suppose -j*g + z - 15 = -a, -3*g + 12 = a. What are the prime factors of a?
3
Let q be 5/5*(3 - -2). Suppose g - 156 = -q*g. What are the prime factors of g?
2, 13
Suppose h = -0*h + 24. What are the prime factors of h?
2, 3
Let k(f) = f**2 + 2*f + 5. List the prime factors of k(9).
2, 13
Let b(c) = -6*c**3 - 4*c**2 - 5*c - 13. Let a(p) = -5*p**3 - 5*p**2 - 4*p - 13. Let s(t) = -5*a(t) + 4*b(t). List the prime factors of s(-9).
13
Let b = 34 + 3. What are the prime factors of b?
37
Let k(u) = -u**3 + 8*u**2 - 7*u + 4. Suppose 15 = 3*m - 6. Let a be k(m). Let l(b) = -b**3 + 3*b**2 + 6*b - 3. List the prime factors of l(a).
5
Let u(m) = m + 11. Let f be u(-8). Suppose f*a = -p + 11, 2*a - 6 = p - 2*p. Let q(o) = -2*o - 4. List the prime factors of q(p).
2
Let k = -5 - -7. Suppose 0 = k*u - 3*u + 7. List the prime factors of u.
7
Suppose 3*d - t = -100, -d = 3*t - 10 + 30. Let w = -17 - d. List the prime factors of w.
3, 5
Let o(s) = s**2 + 4*s + 2. Let y(j) = j**2 + 12*j - 2. Let l be y(-12). Let w be o(l). List the prime factors of ((-34)/w - 2) + -2.
13
Let t(k) be the second derivative of k + 0 + 1/12*k**4 - 5*k**2 + k**3. List the prime factors of t(-8).
2, 3
Let q(t) = t - 5. Let n be q(5). Suppose -2*j + 22 = 3*u, n = 2*u + 3*u + 4*j - 40. List the prime factors of u.
2
Let j(u) = -u**2 - 9*u - 6. Let o be (18/(-15))/((-2)/10). Suppose -q + 2*q + o = 0. What are the prime factors of j(q)?
2, 3
Let y(m) = m**2 + 4*m + 3. Let f be y(-3). Suppose -d = -21 - f. What are the prime factors of 414/21 + 6/d?
2, 5
Suppose -3*o = 5 - 2. List the prime factors of -1*2/o + 13.
3, 5
Suppose -15 = -5*f, 3*f = 2*l + 34 - 93. What are the prime factors of l?
2, 17
Let r = 85 + -53. List the prime factors of r.
2
What are the prime factors of 3 - (-10 + 4 + -1)?
2, 5
Let l = 10 - 7. Suppose 2*p = l*p - 19. List the prime factors of p.
19
Suppose 5*m - 5*c + 5 = 0, 5*m = 3*c + c - 4. Let l = 12 - m. What are the prime factors of l?
2, 3
Suppose 5*b + 2 = 4*n, 5*n + 13 - 28 = 0. Let v(k) = -2 + 4 + 2*k + 0*k + k**b. What are the prime factors of v(-3)?
5
Suppose 5*z - 495 = -4*m, -m - 2*z - z + 129 = 0. What are the prime factors of m?
2, 3, 5
Suppose d = -4*d + 20. Suppose 3*c = -d*r - 2*c + 28, -4*r - c = -12. What are the prime factors of r/(2/1) - -13?
2, 7
Let f = -15 + 20. List the prime factors of f.
5
Let l(g) be the first derivative of 8*g**2 + 2. Let i be l(2). Suppose -p = 3*p + 2*d - 42, -3*p = 2*d - i. List the prime factors of p.
2, 5
Let g = 0 + 0. Suppose -5*s + 105 = -g*s. List the prime factors of s.
3, 7
What are the prime factors of (-4173)/(-21) + ((-20)/28 - -1)?
199
Suppose -7 = 4*m - 27. Suppose m*d = -5*o + 130, o = -d